2) + -5 + 8
-4
Evaluate 9 + -15 + -1 + 0 + -6 + 0.
-13
What is 6 + 1 + (-3 - -7)?
11
Calculate 8 - (3 + -2) - 7.
0
What is the value of -26 + (-11 - (-16 - 0))?
-21
Calculate 40 + -18 + -38 + 6.
-10
(-5 - 1) + (22 + -25 + 12 - 2)
1
Evaluate 1 - 19 - (7 - 8 - -9 - 11).
-15
Evaluate -32 - (0 + -8 + 13 + 1 + -6).
-32
Evaluate (-5 - -17 - -2) + 0 + (-4 - 2).
8
What is -9 - (-6 + 10) - -7?
-6
Evaluate (7 + 1 - 5 - 3) + (16 - 0).
16
What is 31 + 4 + -25 + (0 - 27)?
-17
Evaluate (4 - -22) + -22 + 13.
17
Evaluate (0 - -2) + 137 + -120 - (-28 + 17).
30
Evaluate 18 + (3 - (-9 + 0 + -31 + 40)).
21
What is the value of (3 - 9) + (9 - 6)?
-3
Calculate -17 + -1 - (-132 - -106) - (-5 - -1).
12
Evaluate -67 - -103 - (-8 - (0 - 11)).
33
What is the value of 5 - (-13 + 15 - 3)?
6
Calculate 4 - 6 - -37 - (19 - (7 + 2)).
25
What is the value of 13 - (6 - 7 - -2)?
12
Evaluate 6 - (10 - (-2 + -2 + -5)).
-13
What is the value of 7 + (6 - -20) + -43?
-10
Calculate -3 + 2 + 5 + -9 + 2.
-3
-11 - ((-2 - 0) + (13 - 7) + -2)
-13
(-1 - (16 - 7)) + 6 + 5
1
What is 0 + 3 + -18 + 26 + (1 - 13)?
-1
What is (-11 - -5) + (19 - -4)?
17
What is the value of 1 + -2 + 1 - (-706 + 698)?
8
Evaluate -310 + 309 - (-1 - 12).
12
Evaluate 13 + -3 + 1 + (49 - 57).
3
Calculate -17 + (-3 - -3) - (-11 + 4).
-10
(11 - 9 - 5) + 0 + -4 + -3
-10
What is the value of 9 - (-6 - -1 - (-15 - -7))?
6
Calculate -3 + (15 - (-10 + -21 + 10)).
33
Calculate 5 + -508 + 504 + (1 - 1) + -4.
-3
Evaluate (-8 - (12 + -38 + 10)) + -7 - 12.
-11
What is the value of 2 - (-4 - -12 - -5)?
-11
24 + (5 - (6 - 8 - -7 - -6))
18
Calculate (1 - -2) + 1 + -1 + 1.
4
(6 + -4 - -3) + -11 - -9
3
Calculate 5 - (-2 + (3 - (-4 + -7 + 4))).
-3
Calculate 13 - (-21 - -8 - -16) - 22.
-12
-2 + 10 + 18 + -3 + -34
-11
(151 - 177) + 42 + 8
24
Calculate (-3 - -1) + (6 - -10) + -10 + -4.
0
Calculate 15 - (8 - 2) - (18 + -8).
-1
What is the value of -10 + 27 + -22 - 4?
-9
Evaluate 4 + (-8 + (-8 - -21) - 24).
-15
What is the value of (10 - 10) + -3 + (-39 - -52)?
10
Calculate 1 + -7 - (-13 + 2 - -9).
-4
What is (15 - 3) + 4 + (6 - -2)?
24
What is 0 - (-1 + 15 + -14)?
0
Calculate -11 + (-9 - 7) - (-3 + 4 + -3).
-25
-5 + 13 + -12 + 5
1
What is -7 + (11 - 8) + -24 + 19?
-9
-3 - (30 - 16) - -16
-1
Evaluate (19 - -13) + -4 + -20.
8
Calculate -118 + 258 + -151 + (-1 + 1 - -31).
20
What is the value of -15 + (69 - 32) + -17?
5
What is (-20 - -30) + -15 - -1?
-4
What is -6 - (6 - -5) - -34?
17
Calculate -3 + -1 + -2 - (-4 - (-6 + -5)).
-13
Evaluate -2 + 13 + (14 - 5) + -11.
9
What is the value of -9 - -10 - -11 - 23?
-11
Calculate (12 - 8) + 2 - (-6 - (3 + -5)).
10
Evaluate -292 + 298 - (-2 + -1).
9
Evaluate -13 - ((-7 - (10 + -16)) + -11).
-1
What is the value of -720 - -713 - (-3 + (3 - 5))?
-2
Evaluate (5 - -2 - 4) + 5 + -4 - -3.
7
What is 7 + (-11 - -3) + 8?
7
What is the value of -10 + 2 + 36 + -26 - (-1 - -3)?
0
Calculate -1 + 5 - (6 + (18 - 14)).
-6
Evaluate -9 + 2 + -10 + 34.
17
What is -6 + 5 + 5 - (-9 + (-1 - -1))?
13
What is the value of -91 + 57 + 21 - (-19 + -1)?
7
What is -19 - (-30 - (-25 + 15))?
1
Evaluate -24 - 1 - (3 - (-11 + -3 - -25)).
-17
Evaluate (1 - 1) + 1 + (-29 + 6 - -24).
2
What is 10 - (14 + 4 - 5)?
-3
Evaluate -4 + (6 - (-3 + 7 + (-10 - -3))).
5
What is the value of 8 + (-13 - (-9 - -4)) - (-5 + 0)?
5
Evaluate 21 + (22 - 45) + (-6 + 0 - -27).
19
Calculate 3 + 3 + -3 + 2 + (0 - 4).
1
What is the value of 55 + -134 - -55 - (-2 - (2 - 3))?
-23
What is (67 - 59) + 27 + -7 + 5?
33
Evaluate 8 - -6 - (-9 - (-22 - (-16 - -7))).
10
What is the value of -4 + (1 - 0) + -36?
-39
What is -3 + 0 + 1 + (-2819 - -2839)?
18
Evaluate (-6 - -3) + 0 + -2 + -6.
-11
What is the value of -4 - (5 - (-3 + (3 - 0) - -1))?
-8
What is the value of (-6 - -6 - 6) + -2?
-8
Calculate -11 + (-1 - (32 - 27)).
-17
What is the value of -19 + 21 - (-5 + (4 - 4))?
7
What is the value of (1 - -1) + 2 - (84 + -91)?
11
What is the value of (-21 - -22) + 0 + -6?
-5
(-309 - -304) + (4 - 0)
-1
Evaluate (-11 + 2 + 3 - -7 - 6) + 15.
10
Evaluate -64 + 54 - (12 - 6 - (1 + 1)).
-14
Calculate ((5 - (29 - 5)) + 8 - -3) + -2.
-10
Evaluate (-12 - ((12 - 20) + 2)) + (1 - -2).
-3
What is -14 + -4 + 13 - (-5 - 10)?
10
-2 + 6 + -11 + -21 + 5 + 2
-21
371 + -353 - (5 - (-3 + 5 + -1))
14
What is the value of -9 - (20 + -31 + 19)?
-17
-3 + 0 - (10 - (1 + 5 + 20))
13
What is the value of 35 + -15 + (28 - 37)?
11
Evaluate 0 + (0 - 2) - (22 + -27 + 2).
1
What is -15 + 9 + 0 - -3 - 5?
-8
What is (13 - -1) + (31 - 10)?
35
-5 - (14 + (-3 - -10) - (-4 + 4))
-26
35 + (1 - 8) + -13
15
Evaluate -9 - (1 - 0 - 1) - (102 - 105).
-6
What is -3 + -13 - 23 - (11 + -10)?
-40
What is the value of 30 - (67 + 25) - -37?
-25
Calculate 26 + -8 + -32 - -17.
3
What is 4 + -10 + 3 - (-2 + -6)?
5
8 + (-6 + 5 + 7 - -6) + -11
9
What is the value of 4 + 3 + 18 + -7 - (14 - 3)?
7
What is the value of (-9 - -25) + (2 - (1 - -4))?
13
(13 - 27) + 8 - (-8 - 2)
4
-51 - (-28 + 9 + -8)
-24
Evaluate -14 - (-31 + (-9 - -6)) - 5.
15
What is the value of 28 - (4 - -15 - -7)?
2
Calculate 0 + 4 - (-6 + -11 + 17).
4
What is -5 + 8 + 15 + -25?
-7
What is the value of -18 + (-3 - 19) - -6?
-34
3 - (1 - (-3 + -2))
-3
-15 + (-19 - -27) - (-4 + 4)
-7
What is the value of (1 - 19) + 23 + (-20 - 4)?
-19
Evaluate (0 - 3) + 12 + (66 - 69).
6
Evaluate 1 + 9 - (171 - 162) - -3.
4
What is the value of (-8 - 6) + 2 + 4?
-8
Evaluate -6 + (5 - (-2 + 6 - (2 + -8))).
-11
What is (-3 + -9 - -6) + 7 + 3 - -6?
10
Evaluate -32 - (6 + 3 + -33).
-8
(2 - (-2 + -1)) + 4 - (-15 + 22)
2
What is the value of -2 + -17 + 19 - 1?
-1
-24 - (-35 + (47 - 28))
-8
Calculate 1 - (21 - (5 - (8 + 1 + -9))).
-15
What is the value of 7 - (9 + -17 + 20)?
-5
What is -3 + 69 - (0 + 38)?
28
What is (0 - -1) + (12 - (-8 + 17)) + -6?
-2
(3 + -7 - 2) + (3 + -1 - 0)
-4
Evaluate -73 - -30 - -55 - (0 - -30).
-18
13 + (13 - 15) + -12 + -1
-2
(-14 - -4) + -511 + 537
16
What is the value of (-4 - -9 - 8) + (0 - 5)?
-8
What is the value of 22 - (10 + (16 - 8))?
4
What is -49 + (10 - -75) + -25?
11
Calculate -3 + (12 - (13 + -6)).
2
-8 + -16 + -15 + 13
-26
Evaluate 6 - -5 - (17 + -16) - (-1 - -1).
10
What is the value of 6 - (11 + 1 + (-6 - -4))?
-4
Evaluate -19 + (-9 - (-5 + -8) - 4 - -9).
-10
Evaluate (-1 - 16) + (-298 - -305).
-10
8 + (-4 - (8 + (3 - -1)))
-8
What is -3 + 4 + -17 - (7 - 15)?
-8
(-4 - -22) + -15 + 20
23
11 - (11 - 8 - (50 + -10 + -12))
36
8 + -22 + 16 + -24
-22
What is -48 + -1 + 28 + 45?
24
What is 9 - (-20 + -10 + 30)?
9
What is the value of -2 - ((3 - 3) + 10)?
-12
Calculate 1 + 6 + -2 + (-45 - -34).
-6
3 + (13 - (4 + 7) - -9)
14
What is 4 + (-2 - (9 - 5) - 22)?
-24
Evaluate -15 + 3 - (17 + (-30 - -1)).
0
(0 - -8 - 5) + 5 + 4
12
What is -29 - (-51 + 23 + -7)?
6
What is the value of 5 + 0 + -5 + (9 - (26 - 13))?
-4
Evaluate -3 + (-2 - -15) + (130 - 120).
20
Calculate (10 - 7) + (14 - (5 + 6)).
6
Evaluate (-3 - -8 - (5 - 1 - 4)) + -18.
-13
Evaluate -8 - (-7 + 13 + -3).
-11
Evaluate -23 + -32 + (-21 - -69).
-7
Calculate -160 + 174 + (2 - 7).
9
What is -4 + (4 - -5) - 0 - (7 + -10)?
8
What is the value of 10 - -1 - (-23 + 4 - -7)?
23
What is the value of -20 + 9 - (-39 - (16 - 14))?
30
-2 - -13 - (-19 + 27) - 4
-1
105 - 113 - ((2 - 4) + -6 + 5)
-5
Evaluate 35 + -41 - (1 - 3).
-4
What is -8 + 0 + 0 + 9 + (1 - 4)?
-2
Calculate 0 + (-1 - -6) + -241 + 242.
6
Evaluate 2 - (1 - 2) - (-126 - (-169 + 37)).
-3
What is 16 + (-1 - 4) + -12?
-1
-66 + 49 + 9 + 0 + (-4 - -4)
-8
Calculate 2 + 2 + -12 + (11 - (15 - 6)).
-6
What is the value of (92 - 96) + 14 + -3?
7
What is the value of 4 - (5 + -17 - (-12 - 1))?
3
What is 8 + -33 + 21 + 6?
2
Evaluate -3 - 1 - (-3 + 6 + (6 - 2)).
-11
What is the value of (2 - 13) + (-14 - (-8 - 14))?
-3
-2 + -26 + (-1 - -57)
28
16 + (15 - (1 - -5)) + -11 - -12
26
Calculate -13 - (-2 - (8 - 9)) - (6 + -2).
-16
51 + (-12 - 46 - -24)
17
(-5 + 8 - 18) + 4 - 1
-12
0 - (7 + -14 + 3) - (1 + 4)
-1
Calculate (2 - ((-11 - -9) + 3)) + -4.
-3
19 - (-3 + -1 + 9 - (10 - 4))
20
(1 - -7) + (-18 - (15 + -21))
-4
Calculate 7 - (-24 - -5 - -11).
15
31 - (2 - (12 - 30))
11
Calculate -1 - (-7 - 7) - (16 - 6).
3
Calculate (-9 - -7) + 5 + 3 - (0 + -4).
10
What is 14 + 1 + (-1 - -2) + (-1708 - -1710)?
18
Calculate 8 + -13 + (0 - (0 - 0)).
-5
(1 - 7) + (-22 - (-32 